= -n**3 - 61*n**2 - 662*n - 1055. Determine z(-11).
177
Let a(t) = t**3 + 9*t**2 + 171*t + 1100. What is a(-7)?
1
Let o(h) = -2*h**2 - 809*h + 4904. Determine o(6).
-22
Let a(k) = -4*k**2 - 179*k + 13692. Determine a(-85).
7
Let q(w) = 10*w**3 + 349*w**2 + 1212*w + 108. Give q(-31).
15
Let d(k) = 2*k**3 + 142*k**2 + 145*k + 368. What is d(-70)?
18
Let n(s) = 41595*s - 623910. Give n(15).
15
Let p(o) = -2*o**2 + 43065*o + 129208. What is p(-3)?
-5
Let s(u) = u**3 + 48*u**2 + 592*u + 23018. Calculate s(-46).
18
Let m(q) = q**3 + 39*q**2 - 31139*q - 62420. Give m(-2).
6
Let n(m) = 5*m**2 + 3141*m - 105636. Determine n(32).
-4
Let u(x) = -5*x**3 + 8*x**2 + 39*x - 23. Determine u(4).
-59
Let a(d) = 1105*d - 11399. Give a(9).
-1454
Let h(i) = -748*i - 282363. Calculate h(-378).
381
Let p(z) = -z**3 + 236*z**2 - 9167*z + 793. Calculate p(187).
45
Let i(t) = -14406*t - 1714313. Give i(-119).
1
Let t(o) = 3*o**2 - 563*o + 6526. What is t(12)?
202
Let y(r) = 78162*r + 78191. What is y(-1)?
29
Let w(t) = -t**3 + 37*t**2 + 41*t - 8346. Calculate w(23).
3
Let m(i) = 14*i**2 - 5038*i - 95205. Calculate m(-18).
15
Let i(y) = -17*y**3 + 1362*y**2 + 2*y - 12943. Give i(80).
17
Let m(n) = -2*n**3 + 257*n**2 - 7521*n + 382. What is m(45)?
112
Let w(a) = -1842*a + 171264. Calculate w(93).
-42
Let y(a) = -7779*a + 1190121. Calculate y(153).
-66
Let y(b) = 5*b**3 + 41*b**2 - 2*b - 293. What is y(-7)?
15
Let p(r) = -r**3 - 13*r**2 - 549*r - 27193. What is p(-28)?
-61
Let a(l) = 57544*l - 230740. Give a(4).
-564
Let c(z) = 8*z**2 - 1125*z - 948. What is c(141)?
-525
Let d(p) = -5*p**3 + 131*p**2 - 41*p - 91. What is d(26)?
-481
Let m(d) = 155*d - 2967. Calculate m(4).
-2347
Let y(g) = -30*g**2 - 374*g + 21. Give y(-12).
189
Let h(v) = 4*v**3 - 2*v**2 + 169*v - 7030. Determine h(0).
-7030
Let w(t) = -2001*t + 60026. Calculate w(30).
-4
Let v(l) = -l**3 + 72*l**2 - 975*l + 43. Give v(54).
-119
Let r(b) = 5*b**3 + 1207*b**2 + 472*b - 2104. What is r(-241)?
306
Let o(f) = 351*f**2 + 2606*f + 4254. Calculate o(-5).
-1
Let d(q) = -36329*q + 15112883. Give d(416).
19
Let r(g) = 1905*g - 1459219. What is r(766)?
11
Let x(n) = -558*n + 180236. Give x(323).
2
Let f(n) = 7*n**2 - 110*n - 638. What is f(-5)?
87
Let h(f) = -f**3 - 16*f**2 + 103*f + 457. Determine h(-16).
-1191
Let m(w) = -20*w + 1740. Give m(15).
1440
Let m(b) = 6*b**2 - 149*b - 3513. Calculate m(36).
-1101
Let i(f) = 9556*f - 314939. What is i(33)?
409
Let d(h) = -5277*h + 21014. What is d(4)?
-94
Let a(n) = -9*n**3 - 199*n**2 - 35*n - 260. Give a(-22).
26
Let m(c) = -c**3 - 3*c**2 + 860*c + 4259. Determine m(-5).
9
Let g(t) = -3*t**2 - 2845*t + 25711. What is g(9)?
-137
Let r(c) = 13*c**2 - 2455*c - 2858. What is r(190)?
-8
Let k(h) = -h**3 + 78*h**2 - 366*h - 429. What is k(73)?
-502
Let x(s) = -s**3 + 38*s**2 - 14*s + 1437. Determine x(38).
905
Let j(w) = -550*w + 57899. Calculate j(106).
-401
Let b(q) = 13*q**2 + 2763*q + 33729. Give b(-13).
7
Let j(w) = 336*w + 10527. Determine j(-32).
-225
Let x(c) = -2*c**3 - 17*c**2 - 150*c - 992. Calculate x(-7).
-89
Let o(u) = -134*u - 24091. Calculate o(-179).
-105
Let w(x) = 85*x**2 + 21676*x + 258. Determine w(-255).
3
Let o(s) = -351*s - 36115. Calculate o(-102).
-313
Let v(l) = -100*l**2 + 794*l + 4917. Give v(12).
45
Let d(m) = 7497*m + 67456. Calculate d(-9).
-17
Let l(r) = -13160*r + 579057. Give l(44).
17
Let y(z) = -10548*z + 337491. What is y(32)?
-45
Let q(h) = -1198*h**2 - 8363*h + 172. Determine q(-7).
11
Let j(u) = 5*u**3 + 225*u**2 + 214*u - 242. Determine j(-44).
22
Let w(v) = -59*v**3 + 1162*v**2 + 359*v + 38. Give w(20).
18
Let c(g) = -57195*g + 114468. Calculate c(2).
78
Let n(v) = -2*v**3 + 47*v**2 + 119*v - 3003. Determine n(23).
263
Let g(w) = -24247*w + 460694. What is g(19)?
1
Let j(l) = 763*l - 14332. What is j(19)?
165
Let h(t) = -44971*t - 5216641. Give h(-116).
-5
Let v(d) = d**3 - 63*d**2 - 546*d + 162. Determine v(-8).
-14
Let q(i) = 389*i - 12917. Give q(35).
698
Let v(i) = 2745*i - 43862. Calculate v(16).
58
Let k(r) = -2*r**3 + 94*r**2 - 336*r + 3. Calculate k(43).
347
Let f(n) = -2*n**2 - 687*n - 52811. Determine f(-116).
-31
Let c(y) = y**3 - 12*y**2 + 88*y - 254. Give c(5).
11
Let a(f) = 393*f + 374. Give a(-1).
-19
Let o(n) = -281134*n - 1124596. Give o(-4).
-60
Let j(x) = -x**3 + 37*x**2 - 175*x + 712. Determine j(32).
232
Let i(l) = -l**3 + 126*l**2 + 702*l - 6145. Determine i(131).
12
Let v(p) = p**2 + 79*p - 3609. Determine v(31).
-199
Let s(p) = -4*p**2 + 2194*p + 3256. Give s(550).
-44
Let g(c) = -5*c**3 - 275*c**2 - 1676*c + 195. Give g(-48).
3
Let t(f) = f**3 - 87*f**2 + 266*f + 5380. Calculate t(83).
-98
Let l(p) = 2215*p + 170542. Determine l(-77).
-13
Let o(w) = w**3 - 98*w**2 + 749*w + 13. Give o(7).
797
Let k(y) = -6239368*y - 43675583. Give k(-7).
-7
Let o(z) = -12*z**2 - 179*z - 548. Determine o(-11).
-31
Let f(z) = -125389*z - 626978. Calculate f(-5).
-33
Let q(v) = -2*v**2 + 513*v - 21773. Determine q(203).
-52
Let r(t) = -3*t**3 - 244*t**2 + 4*t + 6511. Determine r(-81).
-374
Let q(o) = -o**3 - 95*o**2 + 390*o + 19012. Calculate q(-97).
0
Let p(u) = u**2 - 29*u - 8388. What is p(107)?
-42
Let t(l) = -6075*l**2 + 36404*l + 292. Calculate t(6).
16
Let t(k) = 2*k**3 + 457*k**2 + 279*k + 11602. What is t(-228)?
-26
Let p(v) = 195*v + 717. What is p(0)?
717
Let q(a) = -867*a**2 + 71183*a - 7298. Determine q(82).
0
Let w(i) = 2*i**3 + 12*i**2 + 3006*i + 21176. Determine w(-7).
36
Let v(a) = 2*a**3 - 9*a**2 + 771*a - 3076. Determine v(4).
-8
Let v(a) = -72*a**2 - 282*a + 18. What is v(-4)?
-6
Let j(y) = y**3 - 10899*y**2 + 65376*y - 106. Give j(6).
2
Let n(w) = -13474713*w - 40424144. Calculate n(-3).
-5
Let u(j) = -130425*j + 652121. What is u(5)?
-4
Let j(b) = 7043*b - 14071. Calculate j(2).
15
Let b(j) = -7*j**2 + 605*j + 337. What is b(87)?
-11
Let c(t) = 886173*t + 38991613. What is c(-44)?
1
Let w(l) = 6*l**2 + 5857*l + 52231. Determine w(-9).
4
Let l(h) = -h**3 - 218*h**2 - 2076*h + 796. Give l(-208).
-36
Let x(s) = 3*s**2 - 7348*s + 267774. What is x(37)?
5
Let y(t) = 765*t**2 + 4005*t + 5136. What is y(-3)?
6
Let j(q) = -5*q**3 - 163*q**2 + 241*q + 36. Give j(-34).
-66
Let j(k) = -6*k**3 - 165*k**2 - 95*k - 5003. Calculate j(-28).
9
Let q(y) = 44*y**3 + 21*y**2 + 48*y - 92. Determine q(2).
440
Let k(t) = 21335*t - 405402. Determine k(19).
-37
Let i(y) = 1962*y - 129484. Give i(66).
8
Let d(z) = -z**3 + 39*z**2 - 251*z - 28. Calculate d(9).
143
Let i(r) = 951*r + 10472. What is i(-11)?
11
Let k(m) = -2551*m + 88031. Calculate k(37).
-6356
Let l(k) = 14*k**2 + 254*k - 2817. Determine l(-27).
531
Let f(p) = -2421*p - 4939. What is f(-2)?
-97
Let m(t) = -21517*t + 150705. Determine m(7).
86
Let v(l) = 6*l**3 + 62*l**2 - 50*l + 2. Calculate v(-11).
68
Let h(f) = -f**3 - 123*f**2 + 87*f + 10704. Determine h(-123).
3
Let g(c) = -12*c**2 + 1128*c + 237. Determine g(91).
3513
Let b(u) = 4616*u + 720082. What is b(-156)?
-14
Let l(g) = 8422*g + 378980. Give l(-45).
-10
Let k(x) = -661*x + 3063. Give k(4).
419
Let s(o) = 10*o**2 + 1468*o - 1011. Calculate s(-148).
765
Let n(l) = -503*l - 1254. Determine n(0).
-1254
Let f(k) = -1665*k**2 - 3314*k + 4. Give f(-2).
-28
Let w(a) = 2455*a + 20122. Calculate w(-8).
482
Let d(o) = o**3 - 48*o**2 + 472*o + 119. Calculate d(34).
-17
Let i(n) = -n**2 + 28*n + 21761. Determine i(161).
348
Let a(o) = -20334*o - 162688. Determine a(-8).
-16
Let t(p) = -7*p**2 - 305*p - 1213. What is t(-4)?
-105
Let q(z) = -28*z**2 + 822*z + 5719. Calculate q(-7).
-1407
Let w(h) = -3*h**3 - 199*h**2 - 271*h - 234. Give w(-65).
481
Let p(f) = -5*f**2 - 7254*f + 96621. Give p(-1464).
-3
Let i(a) = a**3 - 28*a**2 - 91*a - 1253. Determine i(32).
-69
Let w(z) = 9852*z + 9162319. What is w(-930)?
-41
Let j(v) = 8*v**3 + 1058*v**2 + 24682*v - 199. Calculate j(-102).
5
Let h(w) = -w**3 + 66*w**2 + 316*w - 695. What is h(-6)?
1
Let a(l) = 211*l**3 - 2*l**2 - 8*l - 7. What is a(-1)?
-212
Let v(z) = z**3 - 24*z**2 + 137*z - 4957. Determine v(26).
-43
Let j(k) = 58*k - 1518. Determine j(28).
106
Let b(o) = -2*o**3 - 60*o**2 + 274*o - 77. Determine b(4).
-69
Let b(r) = 2*r**3 + 504*r**2 + 16600*r - 2971. Determine b(-213).
11
Let q(d) = -3*d**3 + 1968*d**2 - 19*d + 12453. Give q(656).
-11
Let r(l) = -888*l - 18